{"id":1829,"date":"2025-12-05T09:16:27","date_gmt":"2025-12-05T09:16:27","guid":{"rendered":"https:\/\/sucrea.org\/?page_id=1829"},"modified":"2026-04-09T15:43:17","modified_gmt":"2026-04-09T15:43:17","slug":"leistungen-persoenliche-architektur","status":"publish","type":"page","link":"https:\/\/sucrea.org\/?page_id=1829","title":{"rendered":"Leistungen Pers\u00f6nliche Architektur"},"content":{"rendered":"\t\t<div data-elementor-type=\"wp-page\" data-elementor-id=\"1829\" class=\"elementor elementor-1829\">\n\t\t\t\t\t\t<section class=\"elementor-section elementor-top-section elementor-element elementor-element-c20be62 elementor-section-boxed elementor-section-height-default elementor-section-height-default\" data-id=\"c20be62\" data-element_type=\"section\">\n\t\t\t\t\t\t<div class=\"elementor-container elementor-column-gap-default\">\n\t\t\t\t\t<div class=\"elementor-column elementor-col-100 elementor-top-column elementor-element elementor-element-e3fb332\" data-id=\"e3fb332\" data-element_type=\"column\">\n\t\t\t<div class=\"elementor-widget-wrap\">\n\t\t\t\t\t\t\t<\/div>\n\t\t<\/div>\n\t\t\t\t\t<\/div>\n\t\t<\/section>\n\t\t\t\t<section class=\"elementor-section elementor-top-section elementor-element elementor-element-8b1a05f elementor-section-boxed elementor-section-height-default elementor-section-height-default\" data-id=\"8b1a05f\" data-element_type=\"section\">\n\t\t\t\t\t\t<div class=\"elementor-container elementor-column-gap-default\">\n\t\t\t\t\t<div class=\"elementor-column elementor-col-50 elementor-top-column elementor-element elementor-element-f155e22\" data-id=\"f155e22\" data-element_type=\"column\">\n\t\t\t<div class=\"elementor-widget-wrap elementor-element-populated\">\n\t\t\t\t\t\t<div class=\"elementor-element elementor-element-e813b72 elementor-widget elementor-widget-text-editor\" data-id=\"e813b72\" data-element_type=\"widget\" data-widget_type=\"text-editor.default\">\n\t\t\t\t<div class=\"elementor-widget-container\">\n\t\t\t\t\t\t\t<ul>\n<li><span style=\"font-size: large; color: #000000; font-family: 'Bahnschrift Light', sans-serif;\">Hilfe bei Orientierung und individueller Konzeptfindung<\/span><\/li>\n<li><span style=\"font-size: large; color: #000000; font-family: 'Bahnschrift Light', sans-serif;\">Erstellung von gew\u00f6hnlichen und besonderen (Nutzungs-) Kozepten<\/span><\/li>\n<li><span style=\"font-size: large; color: #000000; font-family: 'Bahnschrift Light', sans-serif;\">Vorplanung, Visualisierungen, Machbarkeitsstudien<\/span><\/li>\n<li><span style=\"font-size: large; color: #000000; font-family: 'Bahnschrift Light', sans-serif;\">Erstellung von Sanierungs- und Neubaukonzepten<\/span><\/li>\n<li><span style=\"font-size: large; color: #000000; font-family: 'Bahnschrift Light', sans-serif;\">Hilfe bei der Suche von Partnern<\/span><\/li>\n<li><span style=\"font-size: large; color: #000000; font-family: 'Bahnschrift Light', sans-serif;\">Hilfe bei Finanzierung, Wirtschaftlichkeitsberechnung, Werteinsch\u00e4tzung des Grundst\u00fcckes und Geb\u00e4udes<\/span><\/li>\n<li><span style=\"font-size: large; color: #000000; font-family: 'Bahnschrift Light', sans-serif;\">F\u00f6rdermittelakquise<\/span><\/li>\n<li><span style=\"font-size: large; color: #000000; font-family: 'Bahnschrift Light', sans-serif;\">Individuelle Ein- und Mehrfamilienh\u00e4user<\/span><\/li>\n<li><span style=\"font-size: large; color: #000000; font-family: 'Bahnschrift Light', sans-serif;\">Bauen im Denkmalschutz<\/span><\/li>\n<li><span style=\"font-size: large; color: #000000; font-family: 'Bahnschrift Light', sans-serif;\">Gastronomie<\/span><\/li>\n<li><span style=\"font-size: large; color: #000000; font-family: 'Bahnschrift Light', sans-serif;\">Bauantr\u00e4ge, BIM &#8211; Bauantr\u00e4ge<\/span><\/li>\n<li><span style=\"font-size: large; color: #000000; font-family: 'Bahnschrift Light', sans-serif;\">Aufst\u00e4nderungen und Erg\u00e4nzung von Baul\u00fccken<\/span><\/li><li><span style=\"font-size: large; color: #000000; font-family: 'Bahnschrift Light', sans-serif;\">Nutzungs\u00e4nderungen<\/span><\/li>\n<li><span style=\"font-size: large; color: #000000; font-family: 'Bahnschrift Light', sans-serif;\">Nachverdichtung<\/span><\/li>\n<\/ul>\t\t\t\t\t\t<\/div>\n\t\t\t\t<\/div>\n\t\t\t\t\t<\/div>\n\t\t<\/div>\n\t\t\t\t<div class=\"elementor-column elementor-col-50 elementor-top-column elementor-element elementor-element-d9e97f8\" data-id=\"d9e97f8\" data-element_type=\"column\">\n\t\t\t<div class=\"elementor-widget-wrap elementor-element-populated\">\n\t\t\t\t\t\t<div class=\"elementor-element elementor-element-d9516fd elementor-widget elementor-widget-image\" data-id=\"d9516fd\" data-element_type=\"widget\" data-widget_type=\"image.default\">\n\t\t\t\t<div class=\"elementor-widget-container\">\n\t\t\t\t\t\t\t\t\t\t\t\t\t<img fetchpriority=\"high\" decoding=\"async\" width=\"1024\" height=\"768\" src=\"https:\/\/sucrea.org\/wp-content\/uploads\/2022\/04\/Seite-8-1024x768.jpg\" class=\"attachment-large size-large wp-image-281\" alt=\"\" srcset=\"https:\/\/sucrea.org\/wp-content\/uploads\/2022\/04\/Seite-8-1024x768.jpg 1024w, https:\/\/sucrea.org\/wp-content\/uploads\/2022\/04\/Seite-8-300x225.jpg 300w, https:\/\/sucrea.org\/wp-content\/uploads\/2022\/04\/Seite-8-768x576.jpg 768w, https:\/\/sucrea.org\/wp-content\/uploads\/2022\/04\/Seite-8-1536x1152.jpg 1536w, https:\/\/sucrea.org\/wp-content\/uploads\/2022\/04\/Seite-8-2048x1536.jpg 2048w\" sizes=\"(max-width: 1024px) 100vw, 1024px\" \/>\t\t\t\t\t\t\t\t\t\t\t\t\t<\/div>\n\t\t\t\t<\/div>\n\t\t\t\t<div class=\"elementor-element elementor-element-7e6aaaf elementor-widget elementor-widget-image\" data-id=\"7e6aaaf\" data-element_type=\"widget\" data-widget_type=\"image.default\">\n\t\t\t\t<div class=\"elementor-widget-container\">\n\t\t\t\t\t\t\t\t\t\t\t\t\t<img decoding=\"async\" width=\"1024\" height=\"767\" src=\"https:\/\/sucrea.org\/wp-content\/uploads\/2022\/04\/Gesamtentwurf-von-vorne-wei\u00df-06.09.2019.4-1024x767.jpg\" class=\"attachment-large size-large wp-image-282\" alt=\"\" srcset=\"https:\/\/sucrea.org\/wp-content\/uploads\/2022\/04\/Gesamtentwurf-von-vorne-wei\u00df-06.09.2019.4-1024x767.jpg 1024w, https:\/\/sucrea.org\/wp-content\/uploads\/2022\/04\/Gesamtentwurf-von-vorne-wei\u00df-06.09.2019.4-300x225.jpg 300w, https:\/\/sucrea.org\/wp-content\/uploads\/2022\/04\/Gesamtentwurf-von-vorne-wei\u00df-06.09.2019.4-768x575.jpg 768w, https:\/\/sucrea.org\/wp-content\/uploads\/2022\/04\/Gesamtentwurf-von-vorne-wei\u00df-06.09.2019.4-1536x1150.jpg 1536w, https:\/\/sucrea.org\/wp-content\/uploads\/2022\/04\/Gesamtentwurf-von-vorne-wei\u00df-06.09.2019.4-2048x1534.jpg 2048w\" sizes=\"(max-width: 1024px) 100vw, 1024px\" \/>\t\t\t\t\t\t\t\t\t\t\t\t\t<\/div>\n\t\t\t\t<\/div>\n\t\t\t\t\t<\/div>\n\t\t<\/div>\n\t\t\t\t\t<\/div>\n\t\t<\/section>\n\t\t\t\t<\/div>\n\t\t","protected":false},"excerpt":{"rendered":"<p>Hilfe bei Orientierung und individueller Konzeptfindung Erstellung von gew\u00f6hnlichen und besonderen (Nutzungs-) Kozepten Vorplanung, Visualisierungen, Machbarkeitsstudien Erstellung von Sanierungs- und Neubaukonzepten Hilfe bei der Suche von Partnern Hilfe bei Finanzierung, Wirtschaftlichkeitsberechnung, Werteinsch\u00e4tzung des Grundst\u00fcckes und Geb\u00e4udes F\u00f6rdermittelakquise Individuelle Ein- und Mehrfamilienh\u00e4user Bauen im Denkmalschutz Gastronomie Bauantr\u00e4ge, BIM &#8211; Bauantr\u00e4ge Aufst\u00e4nderungen und Erg\u00e4nzung von Baul\u00fccken Nutzungs\u00e4nderungen [&hellip;]<\/p>\n","protected":false},"author":1,"featured_media":0,"parent":0,"menu_order":0,"comment_status":"closed","ping_status":"closed","template":"","meta":{"ocean_post_layout":"","ocean_both_sidebars_style":"","ocean_both_sidebars_content_width":0,"ocean_both_sidebars_sidebars_width":0,"ocean_sidebar":"","ocean_second_sidebar":"","ocean_disable_margins":"enable","ocean_add_body_class":"","ocean_shortcode_before_top_bar":"","ocean_shortcode_after_top_bar":"","ocean_shortcode_before_header":"","ocean_shortcode_after_header":"","ocean_has_shortcode":"","ocean_shortcode_after_title":"","ocean_shortcode_before_footer_widgets":"","ocean_shortcode_after_footer_widgets":"","ocean_shortcode_before_footer_bottom":"","ocean_shortcode_after_footer_bottom":"","ocean_display_top_bar":"default","ocean_display_header":"default","ocean_header_style":"","ocean_center_header_left_menu":"","ocean_custom_header_template":"","ocean_custom_logo":0,"ocean_custom_retina_logo":0,"ocean_custom_logo_max_width":0,"ocean_custom_logo_tablet_max_width":0,"ocean_custom_logo_mobile_max_width":0,"ocean_custom_logo_max_height":0,"ocean_custom_logo_tablet_max_height":0,"ocean_custom_logo_mobile_max_height":0,"ocean_header_custom_menu":"","ocean_menu_typo_font_family":"","ocean_menu_typo_font_subset":"","ocean_menu_typo_font_size":0,"ocean_menu_typo_font_size_tablet":0,"ocean_menu_typo_font_size_mobile":0,"ocean_menu_typo_font_size_unit":"px","ocean_menu_typo_font_weight":"","ocean_menu_typo_font_weight_tablet":"","ocean_menu_typo_font_weight_mobile":"","ocean_menu_typo_transform":"","ocean_menu_typo_transform_tablet":"","ocean_menu_typo_transform_mobile":"","ocean_menu_typo_line_height":0,"ocean_menu_typo_line_height_tablet":0,"ocean_menu_typo_line_height_mobile":0,"ocean_menu_typo_line_height_unit":"","ocean_menu_typo_spacing":0,"ocean_menu_typo_spacing_tablet":0,"ocean_menu_typo_spacing_mobile":0,"ocean_menu_typo_spacing_unit":"","ocean_menu_link_color":"","ocean_menu_link_color_hover":"","ocean_menu_link_color_active":"","ocean_menu_link_background":"","ocean_menu_link_hover_background":"","ocean_menu_link_active_background":"","ocean_menu_social_links_bg":"","ocean_menu_social_hover_links_bg":"","ocean_menu_social_links_color":"","ocean_menu_social_hover_links_color":"","ocean_disable_title":"default","ocean_disable_heading":"default","ocean_post_title":"","ocean_post_subheading":"","ocean_post_title_style":"","ocean_post_title_background_color":"","ocean_post_title_background":0,"ocean_post_title_bg_image_position":"","ocean_post_title_bg_image_attachment":"","ocean_post_title_bg_image_repeat":"","ocean_post_title_bg_image_size":"","ocean_post_title_height":0,"ocean_post_title_bg_overlay":0.5,"ocean_post_title_bg_overlay_color":"","ocean_disable_breadcrumbs":"default","ocean_breadcrumbs_color":"","ocean_breadcrumbs_separator_color":"","ocean_breadcrumbs_links_color":"","ocean_breadcrumbs_links_hover_color":"","ocean_display_footer_widgets":"default","ocean_display_footer_bottom":"default","ocean_custom_footer_template":""},"_links":{"self":[{"href":"https:\/\/sucrea.org\/index.php?rest_route=\/wp\/v2\/pages\/1829"}],"collection":[{"href":"https:\/\/sucrea.org\/index.php?rest_route=\/wp\/v2\/pages"}],"about":[{"href":"https:\/\/sucrea.org\/index.php?rest_route=\/wp\/v2\/types\/page"}],"author":[{"embeddable":true,"href":"https:\/\/sucrea.org\/index.php?rest_route=\/wp\/v2\/users\/1"}],"replies":[{"embeddable":true,"href":"https:\/\/sucrea.org\/index.php?rest_route=%2Fwp%2Fv2%2Fcomments&post=1829"}],"version-history":[{"count":10,"href":"https:\/\/sucrea.org\/index.php?rest_route=\/wp\/v2\/pages\/1829\/revisions"}],"predecessor-version":[{"id":2242,"href":"https:\/\/sucrea.org\/index.php?rest_route=\/wp\/v2\/pages\/1829\/revisions\/2242"}],"wp:attachment":[{"href":"https:\/\/sucrea.org\/index.php?rest_route=%2Fwp%2Fv2%2Fmedia&parent=1829"}],"curies":[{"name":"wp","href":"https:\/\/api.w.org\/{rel}","templated":true}]}}